{"id":970,"date":"2026-02-22T15:58:20","date_gmt":"2026-02-22T14:58:20","guid":{"rendered":"https:\/\/www.rondelettesrbx.fr\/?post_type=product&#038;p=970"},"modified":"2026-03-13T11:53:17","modified_gmt":"2026-03-13T10:53:17","slug":"sweat-shirt","status":"publish","type":"product","link":"https:\/\/www.rondelettesrbx.fr\/index.php\/produit\/sweat-shirt\/","title":{"rendered":"Sweat-shirt"},"content":{"rendered":"<h3 class=\"info-heading\">D\u00e9tails du produit<\/h3>\n<div class=\"info-content\">\n<p class=\"description-cont\" data-content=\"description\">Sweat-shirt f\u00e9minin, col rond, manches chauve-souris, imprim\u00e9 c\u0153ur, broches m\u00e9talliques, viscose douce, polyester et \u00e9lasthanne, id\u00e9al pour l&rsquo;automne, Tailles plus.<br \/>\nREF: 2WH5143 Longueur: 80 cm.<br \/>\nLa mannequin mesure 175 cm et porte une taille (T3) 46-48<br \/>\n(T3) 46-48 Tour de poitrine\uff1a144 cm.<\/p>\n<dl class=\"description-cont\" data-content=\"composition\">\n<dt class=\"label\">Composition: Viscose (85%), Polyester (10%), \u00c9lasthanne (5%)<\/dt>\n<\/dl>\n<dl class=\"description-cont\" data-content=\"collection\">\n<dt class=\"label\">Collection: Automne\/Hiver 2025\/2026<\/dt>\n<\/dl>\n<\/div>\n","protected":false},"excerpt":{"rendered":"<p>D\u00e9tails du produit Sweat-shirt f\u00e9minin, col rond, manches chauve-souris, imprim\u00e9 c\u0153ur, broches m\u00e9talliques, viscose douce, polyester et \u00e9lasthanne, id\u00e9al pour l&rsquo;automne, Tailles plus. REF: 2WH5143 Longueur: 80 cm. La mannequin mesure 175 cm et porte une taille (T3) 46-48 (T3) 46-48 Tour de poitrine\uff1a144 cm. Composition: Viscose (85%), Polyester (10%), \u00c9lasthanne (5%) Collection: Automne\/Hiver 2025\/2026<\/p>\n","protected":false},"featured_media":971,"comment_status":"open","ping_status":"closed","template":"","meta":[],"product_brand":[],"product_cat":[67],"product_tag":[],"class_list":{"0":"post-970","1":"product","2":"type-product","3":"status-publish","4":"has-post-thumbnail","6":"product_cat-pull","8":"first","9":"instock","10":"shipping-taxable","11":"purchasable","12":"product-type-variable"},"jetpack_sharing_enabled":true,"_links":{"self":[{"href":"https:\/\/www.rondelettesrbx.fr\/index.php\/wp-json\/wp\/v2\/product\/970","targetHints":{"allow":["GET"]}}],"collection":[{"href":"https:\/\/www.rondelettesrbx.fr\/index.php\/wp-json\/wp\/v2\/product"}],"about":[{"href":"https:\/\/www.rondelettesrbx.fr\/index.php\/wp-json\/wp\/v2\/types\/product"}],"replies":[{"embeddable":true,"href":"https:\/\/www.rondelettesrbx.fr\/index.php\/wp-json\/wp\/v2\/comments?post=970"}],"wp:featuredmedia":[{"embeddable":true,"href":"https:\/\/www.rondelettesrbx.fr\/index.php\/wp-json\/wp\/v2\/media\/971"}],"wp:attachment":[{"href":"https:\/\/www.rondelettesrbx.fr\/index.php\/wp-json\/wp\/v2\/media?parent=970"}],"wp:term":[{"taxonomy":"product_brand","embeddable":true,"href":"https:\/\/www.rondelettesrbx.fr\/index.php\/wp-json\/wp\/v2\/product_brand?post=970"},{"taxonomy":"product_cat","embeddable":true,"href":"https:\/\/www.rondelettesrbx.fr\/index.php\/wp-json\/wp\/v2\/product_cat?post=970"},{"taxonomy":"product_tag","embeddable":true,"href":"https:\/\/www.rondelettesrbx.fr\/index.php\/wp-json\/wp\/v2\/product_tag?post=970"}],"curies":[{"name":"wp","href":"https:\/\/api.w.org\/{rel}","templated":true}]}}