{"id":723,"date":"2025-10-28T16:40:10","date_gmt":"2025-10-28T15:40:10","guid":{"rendered":"https:\/\/www.rondelettesrbx.fr\/?post_type=product&#038;p=723"},"modified":"2025-12-06T13:36:32","modified_gmt":"2025-12-06T12:36:32","slug":"gilet-paillete","status":"publish","type":"product","link":"https:\/\/www.rondelettesrbx.fr\/index.php\/produit\/gilet-paillete\/","title":{"rendered":"Gilet paillet\u00e9"},"content":{"rendered":"<p>Cette pi\u00e8ce rajoute une touche d&rsquo;\u00e9l\u00e9gance \u00e0 votre tenue \u00e0 associer \u00e0 la robe ou autre tenue. La fabrication est Fran\u00e7aise.<\/p>\n<dl class=\"description-cont\" data-content=\"composition\">\n<dt class=\"label\">Composition: \u00c9lasthanne (5%), Polyamide (95%)<\/dt>\n<\/dl>\n<dl class=\"description-cont\" data-content=\"collection\">\n<dt class=\"label\">Collection: Automne\/Hiver<\/dt>\n<\/dl>\n","protected":false},"excerpt":{"rendered":"<p>Cette pi\u00e8ce rajoute une touche d&rsquo;\u00e9l\u00e9gance \u00e0 votre tenue \u00e0 associer \u00e0 la robe ou autre tenue. La fabrication est Fran\u00e7aise. Composition: \u00c9lasthanne (5%), Polyamide (95%) Collection: Automne\/Hiver<\/p>\n","protected":false},"featured_media":725,"comment_status":"open","ping_status":"closed","template":"","meta":[],"product_brand":[],"product_cat":[86],"product_tag":[],"class_list":{"0":"post-723","1":"product","2":"type-product","3":"status-publish","4":"has-post-thumbnail","6":"product_cat-fetes","8":"first","9":"instock","10":"shipping-taxable","11":"purchasable","12":"product-type-variable"},"jetpack_sharing_enabled":true,"_links":{"self":[{"href":"https:\/\/www.rondelettesrbx.fr\/index.php\/wp-json\/wp\/v2\/product\/723","targetHints":{"allow":["GET"]}}],"collection":[{"href":"https:\/\/www.rondelettesrbx.fr\/index.php\/wp-json\/wp\/v2\/product"}],"about":[{"href":"https:\/\/www.rondelettesrbx.fr\/index.php\/wp-json\/wp\/v2\/types\/product"}],"replies":[{"embeddable":true,"href":"https:\/\/www.rondelettesrbx.fr\/index.php\/wp-json\/wp\/v2\/comments?post=723"}],"wp:featuredmedia":[{"embeddable":true,"href":"https:\/\/www.rondelettesrbx.fr\/index.php\/wp-json\/wp\/v2\/media\/725"}],"wp:attachment":[{"href":"https:\/\/www.rondelettesrbx.fr\/index.php\/wp-json\/wp\/v2\/media?parent=723"}],"wp:term":[{"taxonomy":"product_brand","embeddable":true,"href":"https:\/\/www.rondelettesrbx.fr\/index.php\/wp-json\/wp\/v2\/product_brand?post=723"},{"taxonomy":"product_cat","embeddable":true,"href":"https:\/\/www.rondelettesrbx.fr\/index.php\/wp-json\/wp\/v2\/product_cat?post=723"},{"taxonomy":"product_tag","embeddable":true,"href":"https:\/\/www.rondelettesrbx.fr\/index.php\/wp-json\/wp\/v2\/product_tag?post=723"}],"curies":[{"name":"wp","href":"https:\/\/api.w.org\/{rel}","templated":true}]}}